*v**2 - 432*v - 1447. Determine y(-12).
-7
Let z(y) = 4*y**3 + 513*y**2 + 670*y + 4434. Calculate z(-127).
-11
Let d(h) = -6196*h + 2695350. Calculate d(435).
90
Let c(y) = -8*y**3 + 39*y**2 + 2537*y - 12662. Determine c(5).
-2
Let x(t) = 212*t**2 + 434*t - 5117. Determine x(4).
11
Let g(n) = -n**2 - 5168*n + 82934. What is g(16)?
-10
Let t(c) = -c**3 - c**2 + 395*c + 3183. Give t(-12).
27
Let f(v) = 1437*v + 206940. Determine f(-144).
12
Let m(j) = 2560*j - 355849. Determine m(139).
-9
Let i(d) = -d**2 + 314*d + 7792963. Determine i(-2639).
-4
Let n(h) = 983*h - 847. What is n(3)?
2102
Let y(o) = o**2 - 62199*o - 1306584. Give y(-21).
36
Let i(k) = -4*k**3 - 4*k**2 + 398*k + 1544. Calculate i(-4).
144
Let s(n) = -n**2 - 4298*n - 460743. What is s(-110)?
-63
Let x(l) = -2*l**3 + 95*l**2 - 1441*l + 65500. What is x(47)?
-18
Let f(p) = 3*p**3 + 25*p**2 - 167*p + 21. Give f(8).
1821
Let n(y) = -1253*y - 295718. Determine n(-236).
-10
Let u(m) = -95*m + 304. What is u(-1)?
399
Let n(s) = -6*s**3 + 8327*s**2 + 1198*s + 263730. Give n(1388).
10
Let f(z) = 7*z**3 - 78*z**2 - 184*z + 2142. Determine f(11).
-3
Let d(c) = 4*c**3 + 16*c**2 + 3268*c + 9771. What is d(-3)?
3
Let f(i) = 1310*i - 112636. Calculate f(86).
24
Let b(s) = -46496*s**2 - 232466*s + 33. Give b(-5).
-37
Let a(m) = m**3 + 75*m**2 - 1358*m - 712. What is a(-90)?
8
Let g(o) = o**2 - 41739*o - 709855. Give g(-17).
-3
Let q(k) = k**2 - 17*k - 6867. Give q(93).
201
Let w(o) = 8*o**2 - 569*o - 1023. Determine w(69).
-2196
Let c(a) = -a**3 - 4*a**2 + 6*a + 38. Calculate c(13).
-2757
Let t(r) = -r**2 - 2547*r - 1196048. Give t(-621).
-2
Let x(z) = z**2 - 214*z + 7602. What is x(38)?
914
Let o(b) = b**2 - 21*b - 1557. Determine o(-40).
883
Let x(i) = 3*i**2 + 129*i - 116. Give x(-55).
1864
Let g(m) = 1316*m + 10595. Give g(-9).
-1249
Let s(v) = -4*v**3 + 1054*v**2 + 523*v + 437. Determine s(264).
-883
Let i(k) = 390*k - 115004. Calculate i(294).
-344
Let b(o) = -2083*o - 10606. Calculate b(-5).
-191
Let t(s) = 18136*s - 163210. Determine t(9).
14
Let l(z) = z**2 - 137*z - 7862. Determine l(179).
-344
Let v(r) = -r**3 + 367*r**2 + 6116*r - 235. Give v(-16).
-43
Let g(w) = w**3 - 67*w**2 - 1130*w + 81905. Determine g(65).
5
Let i(x) = -99*x**2 - 8531*x - 773. Determine i(-86).
689
Let f(c) = 23727*c + 1993078. Determine f(-84).
10
Let n(i) = 9965*i + 209337. What is n(-21)?
72
Let p(l) = 30760*l + 91918. What is p(-3)?
-362
Let n(b) = 11915*b - 131070. What is n(11)?
-5
Let y(m) = 18*m - 56. Determine y(15).
214
Let i(m) = m**2 + 535*m - 128702. What is i(180)?
-2
Let w(k) = 41000*k + 615006. What is w(-15)?
6
Let l(o) = -o**3 - o**2 + 556*o + 65. Determine l(23).
157
Let t(f) = 4*f**3 - 117*f**2 - 16880*f + 1033. What is t(-52)?
-7
Let m(x) = -4*x**3 + 37*x**2 + 329*x - 3031. Calculate m(10).
-41
Let o(b) = -353427*b + 24. Calculate o(0).
24
Let j(i) = i**2 + 8617*i - 259216. Give j(30).
194
Let w(t) = -244*t**2 - 475*t - 9. Determine w(-2).
-35
Let y(f) = -4828*f + 931933. Give y(193).
129
Let v(f) = f**3 - 28*f**2 + 52*f - 29. Give v(26).
-29
Let z(x) = -11*x**2 + 34*x + 1541. Give z(11).
584
Let u(c) = -2343*c + 1316725. Determine u(562).
-41
Let q(h) = -392*h**3 + 422*h**2 - 40*h - 1. What is q(1)?
-11
Let q(b) = 1361*b**2 + 8403*b + 2. Determine q(-6).
-1420
Let l(z) = -97651*z - 97612. Determine l(-1).
39
Let d(w) = -6*w**2 - 92*w + 699. Determine d(-21).
-15
Let x(q) = 23908*q - 4805501. Determine x(201).
7
Let m(y) = -2*y**2 - 363*y + 11498. What is m(27)?
239
Let z(g) = -2*g**3 - 65*g**2 + 83*g + 2638. Determine z(-32).
-1042
Let d(b) = -b**3 - 49*b**2 + 402*b + 175. What is d(-54)?
-6953
Let b(m) = -15*m**2 - 573*m + 27. What is b(-38)?
141
Let s(a) = -516*a**2 + 25322*a - 1874. Give s(49).
-12
Let q(p) = -p**3 + 87*p**2 - 1601*p + 14199. Calculate q(66).
9
Let i(r) = -6*r**2 - 177*r + 1258. Determine i(8).
-542
Let s(f) = 9*f**2 - 6003*f + 79. What is s(667)?
79
Let q(g) = 2*g**2 - 505*g + 17681. Calculate q(45).
-994
Let c(a) = -2*a**2 + 521*a + 7688. Calculate c(-14).
2
Let y(t) = 147*t**2 + 384*t - 1159. Give y(3).
1316
Let w(v) = -19*v**3 - 550*v**2 + 3*v - 474. What is w(-29)?
280
Let d(w) = 2634*w - 977455. Calculate d(371).
-241
Let p(a) = 929*a**3 - 20439*a**2 + 22*a + 5. What is p(22)?
5
Let t(c) = c**3 + 323*c**2 + 1264*c - 19418. Determine t(6).
10
Let u(n) = -185*n + 1311. What is u(7)?
16
Let n(p) = 32*p**2 - 1200*p - 7166. What is n(-6)?
1186
Let d(z) = -787*z - 61612. Calculate d(-81).
2135
Let t(j) = -2*j**2 - 335*j - 11877. Determine t(-51).
6
Let d(q) = -4*q**2 - 224*q - 2925. Calculate d(-14).
-573
Let a(m) = -m**2 - 1282*m - 60525. Determine a(-49).
-108
Let v(t) = -45*t**2 - 7881*t - 82155. What is v(-164)?
9
Let m(s) = -2*s**2 - 282*s - 8079. Give m(-40).
1
Let j(u) = 2465*u - 157780. Determine j(64).
-20
Let s(f) = 13*f**2 - 476*f + 96. Give s(37).
281
Let v(b) = -2*b**2 + 367*b + 148750. What is v(-196)?
-14
Let h(n) = 8*n**2 - 1290*n + 10967. What is h(9)?
5
Let i(v) = -2*v**3 - 207*v**2 - 144*v - 4216. Determine i(-103).
7
Let o(y) = 20*y**3 - 7*y**2 + 1590*y - 6320. Give o(4).
1208
Let q(a) = -35*a**2 + 2904*a + 245. Calculate q(83).
162
Let q(m) = -2*m**3 - 24*m**2 - 821*m - 2271. What is q(-3)?
30
Let k(r) = -27*r - 3758. What is k(-122)?
-464
Let c(w) = -16*w**2 - 13156*w + 76178. Give c(-828).
2
Let x(a) = 24119*a - 24102. Determine x(1).
17
Let i(b) = 91*b - 1897. Calculate i(10).
-987
Let j(o) = -2*o**2 + 275*o - 1856. Determine j(130).
94
Let y(i) = -2*i**2 - 20*i + 136. Give y(7).
-102
Let i(t) = 5*t**2 - 1937*t + 5827. Determine i(3).
61
Let k(n) = 553*n**2 + 301386*n + 545. What is k(-545)?
0
Let l(j) = 10277*j - 154599. Calculate l(15).
-444
Let f(t) = -108*t**2 + 1126*t - 472. Determine f(10).
-12
Let j(y) = 5*y**2 - 1802*y - 849239. Give j(630).
1
Let s(j) = j**2 + 28223*j + 141087. Determine s(-5).
-3
Let u(f) = 2167*f + 6657. Give u(-5).
-4178
Let y(d) = -2471*d + 2484. What is y(1)?
13
Let m(w) = -2*w**3 - 183*w**2 + 468*w - 98. Give m(-94).
90
Let q(y) = -y**3 + 119*y**2 + 237*y + 594. Determine q(121).
-11
Let w(o) = -4*o**3 - 174*o**2 + 16*o + 1772. Determine w(-43).
-2614
Let h(a) = 90*a - 7675. Calculate h(92).
605
Let y(b) = -2034*b - 103745. Determine y(-51).
-11
Let j(i) = 2*i**2 + 60*i - 644. What is j(15)?
706
Let h(y) = -y**3 + 28*y**2 + 136*y - 5858. Determine h(31).
-4525
Let j(z) = z**3 + 47*z**2 + 180*z + 374. Determine j(-43).
30
Let z(m) = 2*m**3 + 8*m**2 - 142*m - 30. Calculate z(7).
54
Let n(t) = -t**3 + 427*t**2 - 4148*t - 9193. Determine n(417).
-19
Let a(g) = -7*g**3 - 139*g**2 - 635*g - 96. What is a(-13)?
47
Let d(s) = 7797*s - 46656. Give d(6).
126
Let x(y) = 1691*y + 18592. Give x(-11).
-9
Let x(c) = -9*c**3 + 731*c**2 - 160*c - 155. Calculate x(81).
7
Let t(d) = 8256*d - 1766785. Give t(214).
-1
Let a(r) = -81*r**2 - 6535*r - 22937. What is a(-77)?
9
Let v(m) = 699*m + 104128. Give v(-149).
-23
Let x(f) = f**2 + 64*f + 287. What is x(-66)?
419
Let b(j) = -115*j**3 + 6*j**2 + 1599*j - 4797. Determine b(3).
-3051
Let y(x) = -67*x**2 - 1064*x - 54. What is y(-11)?
3543
Let g(r) = 2*r**3 - 24*r**2 + 57*r + 61. Give g(-1).
-22
Let t(i) = 3*i**2 + 2956*i - 60096. What is t(20)?
224
Let r(g) = 1234*g - 29690. Give r(24).
-74
Let l(h) = -h**3 + 2096*h**2 - 432449*h + 267. What is l(232)?
35
Let y(u) = 101*u + 8942. Calculate y(-78).
1064
Let l(t) = -53*t**2 + 8966*t + 542. Determine l(169).
2063
Let z(m) = -8402*m + 42009. What is z(5)?
-1
Let c(q) = 7*q**3 - 9*q**2 - 268*q - 694. Calculate c(-3).
-160
Let x(n) = -457376*n - 71808032. What is x(-157)?
0
Let p(v) = -180*v**2 + 41585*v - 366. Determine p(231).
789
Let b(k) = k**3 - 155*k**2 - 621*k - 182. Give b(-4).
-242
Let x(n) = -n**3 + 18*n**2 + 19*n - 502. Calculate x(21).
-1426
Let h(i) = 2*i**2 + 1179*i - 96190. Calculate h(73).
535
Let s(r) = -2*r**3 - 59*r**2 + 251*r + 630. Calculate s(-33).
-30
Let u(s) = s**2 - 76*s - 1743. Calculate u(97).
294
Let p(t) = -12*t**2 + 461*t + 69. What is p(36)?
1113
Let c(n) = -n**3 + 22*n**2 + 514*n - 11312. Give c(22).
-4
Let o(l) = -390474*l + 7809462. Determine o(20).
-18
Let y(n) = -3*n**3 + 112*n**2 + 443*n - 13924. Give y(38).
22
Let r(l) = 11*l**3 - 75*l - 365. What is r(-4)?
-769
Let j(o) = 228808*o - 11211592. Calcu